{"id":1510,"date":"2019-12-10T23:03:10","date_gmt":"2019-12-10T22:03:10","guid":{"rendered":"http:\/\/www.gemzse.hu\/?page_id=1510"},"modified":"2019-12-10T23:03:51","modified_gmt":"2019-12-10T22:03:51","slug":"allaslehetoseg-kisvardan-baromfifeldolgozoban","status":"publish","type":"page","link":"https:\/\/www.gemzse.hu\/?page_id=1510","title":{"rendered":"\u00c1ll\u00e1slehet\u0151s\u00e9g Kisv\u00e1rd\u00e1n baromfifeldolgoz\u00f3ban"},"content":{"rendered":"\n<table>\n<tbody>\n<tr>\n<td>\n<p>C\u00e9g:<\/p>\n<\/td>\n<td>\n<p>Pannon-Work Zrt<\/p>\n<\/td>\n<\/tr>\n<tr>\n<td>\n<p>V\u00e1ros:<\/p>\n<\/td>\n<td>\n<p>Kisv\u00e1rda, Szabolcs-Szatm\u00e1r-Bereg<\/p>\n<\/td>\n<\/tr>\n<tr>\n<td>\n<p>Foglalkoz\u00e1s:<\/p>\n<\/td>\n<td>\n<p>Teljes munkaid\u0151<\/p>\n<\/td>\n<\/tr>\n<\/tbody>\n<\/table>\n<p>Az \u00e1ll\u00e1s le\u00edr\u00e1sa<\/p>\n<p>Kisv\u00e1rdai partnerc\u00e9g\u00fcnk beruh\u00e1z\u00e1sai \u00e1ltal a hat legnagyobb kapacit\u00e1s\u00fa eur\u00f3pai baromfifeldolgoz\u00f3 v\u00e1llalatok egyike.<\/p>\n<p>Baromfifeldolgoz\u00f3 munkak\u00f6rbe keres\u00fcnk jel\u00f6lteket Kisv\u00e1rda \u00e9s k\u00f6rny\u00e9k\u00e9n.<\/p>\n<p><strong>Amit a c\u00e9g biztos\u00edt:<\/strong><\/p>\n<p>Hossz\u00fa t\u00e1v\u00fa munkalehet\u0151s\u00e9g<\/p>\n<p>2 m\u0171szak (6 napos munkarendben)<\/p>\n<p>Ingyenes buszj\u00e1rat<\/p>\n<p>Mozg\u00f3b\u00e9r (mindenkinek egy\u00e9nileg ker\u00fcl kialak\u00edt\u00e1sra)<\/p>\n<p>Jelenl\u00e9ti b\u00f3nusz (ha a h\u00f3nap minden napj\u00e1n dolgozott, ebbe nem tartozik bele a szabads\u00e1g, de nem lehet igazolatlan hi\u00e1nyz\u00e1s vagy t\u00e1pp\u00e9nz)<\/p>\n<p>T\u00fal\u00f3ra lehet\u0151s\u00e9g (max. \u00e9jf\u00e9lig)<\/p>\n<p><strong>Juttat\u00e1sok:<\/strong><\/p>\n<ul>\n<li>P\u00e9nzbeli juttat\u00e1s (havi 4.500-8.000,- Ft)<\/li>\n<li>H\u00fascsomag hetente (jelenl\u00e9t alapj\u00e1n, hetente 2 kg \u00e9s az utols\u00f3 h\u00e9ten 4 kg)<\/li>\n<\/ul>\n<p>K\u00e1v\u00e9 \u00e9s tea havonta 2.500-3.000,- Ft \u00e9rt\u00e9kben<\/p>\n<ul>\n<li>\u00c9v v\u00e9gi jutalom<\/li>\n<li>Csal\u00e1di nap<\/li>\n<li>N\u0151napi aj\u00e1nd\u00e9k<\/li>\n<\/ul>\n<p>Ha \u00e9rdekli a lehet\u0151s\u00e9g keresse Kiss Karolin\u00e1t a <a href=\"https:\/\/hu.jooble.org\/away\/-2584526662861905513?p=1&amp;pos=0&amp;sid=1510907733240870950&amp;age=1065&amp;relb=104&amp;brelb=100&amp;scr=8404,8041796875&amp;bscr=8081,54248046875&amp;jdp=1&amp;scid=8816872709408587066&amp;jdpid=7311631756879424376&amp;crId=HU_4058760883507710841HU_-1\">Telefonsz\u00e1m mutat\u00e1sa itt jofogas.hu<\/a>-\u00f6s telefonsz\u00e1mon.<\/p>\n","protected":false},"excerpt":{"rendered":"","protected":false},"author":1,"featured_media":0,"parent":1409,"menu_order":0,"comment_status":"closed","ping_status":"closed","template":"","meta":{"footnotes":""},"class_list":["post-1510","page","type-page","status-publish","hentry","nodate","item-wrap"],"_links":{"self":[{"href":"https:\/\/www.gemzse.hu\/index.php?rest_route=\/wp\/v2\/pages\/1510","targetHints":{"allow":["GET"]}}],"collection":[{"href":"https:\/\/www.gemzse.hu\/index.php?rest_route=\/wp\/v2\/pages"}],"about":[{"href":"https:\/\/www.gemzse.hu\/index.php?rest_route=\/wp\/v2\/types\/page"}],"author":[{"embeddable":true,"href":"https:\/\/www.gemzse.hu\/index.php?rest_route=\/wp\/v2\/users\/1"}],"replies":[{"embeddable":true,"href":"https:\/\/www.gemzse.hu\/index.php?rest_route=%2Fwp%2Fv2%2Fcomments&post=1510"}],"version-history":[{"count":1,"href":"https:\/\/www.gemzse.hu\/index.php?rest_route=\/wp\/v2\/pages\/1510\/revisions"}],"predecessor-version":[{"id":1511,"href":"https:\/\/www.gemzse.hu\/index.php?rest_route=\/wp\/v2\/pages\/1510\/revisions\/1511"}],"up":[{"embeddable":true,"href":"https:\/\/www.gemzse.hu\/index.php?rest_route=\/wp\/v2\/pages\/1409"}],"wp:attachment":[{"href":"https:\/\/www.gemzse.hu\/index.php?rest_route=%2Fwp%2Fv2%2Fmedia&parent=1510"}],"curies":[{"name":"wp","href":"https:\/\/api.w.org\/{rel}","templated":true}]}}