{"id":1516,"date":"2019-12-16T22:27:09","date_gmt":"2019-12-16T21:27:09","guid":{"rendered":"http:\/\/www.gemzse.hu\/?page_id=1516"},"modified":"2020-07-23T00:16:20","modified_gmt":"2020-07-22T22:16:20","slug":"meghivo-allaskeresesi-tanacsadas-rendezvenyre","status":"publish","type":"page","link":"https:\/\/www.gemzse.hu\/?page_id=1516","title":{"rendered":"MEGH\u00cdV\u00d3 &#8211; \u201e\u00c1ll\u00e1skeres\u00e9si tan\u00e1csad\u00e1s\u201d rendezv\u00e9nyre"},"content":{"rendered":"\n<p>2020.07.21.<a href=\"https:\/\/www.gemzse.hu\/wp-content\/uploads\/2020\/07\/megh\u00edv\u00f3-2020.07.23.jpg\"><img loading=\"lazy\" decoding=\"async\" class=\"aligncenter wp-image-1703\" src=\"https:\/\/www.gemzse.hu\/wp-content\/uploads\/2020\/07\/megh\u00edv\u00f3-2020.07.23.jpg\" alt=\"\" width=\"450\" height=\"628\" srcset=\"https:\/\/www.gemzse.hu\/wp-content\/uploads\/2020\/07\/megh\u00edv\u00f3-2020.07.23.jpg 386w, https:\/\/www.gemzse.hu\/wp-content\/uploads\/2020\/07\/megh\u00edv\u00f3-2020.07.23-215x300.jpg 215w\" sizes=\"auto, (max-width: 450px) 100vw, 450px\" \/><\/a><\/p>\n<hr \/><hr \/><hr \/>\n<p>2019.12.04.<\/p>\n<p>Tisztelettel megh\u00edvjuk \u00d6nt Az <strong>EFOP-1.5.3-16-2017-00089 \u201eJ\u00f6v\u0151nk\u00e9rt<\/strong>!\u201d projekt keret\u00e9ben tartand\u00f3 \u201e\u00c1ll\u00e1skeres\u00e9si tan\u00e1csad\u00e1s\u201d rendezv\u00e9nyre.<\/p>\n<p><strong>Az \u00c1ll\u00e1skeres\u00e9si tan\u00e1csad\u00e1s helye:<br \/><\/strong><span style=\"font-size: inherit;\">Gemzse K\u00f6zs\u00e9g \u00d6nkorm\u00e1nyzata<br \/><\/span>4567 Gemzse Kossuth u. 36. M\u0171vel\u0151d\u00e9si H\u00e1z.<\/p>\n<p><strong>Az \u00c1ll\u00e1skeres\u00e9si tan\u00e1csad\u00e1s ideje:<br \/><\/strong>2019.december 18. 09 \u00f3ra 30 perc.<\/p>\n<p>Szem\u00e9lyes megjelen\u00e9s\u00e9re a projekt sikeress\u00e9ge \u00e9rdek\u00e9ben felt\u00e9tlen\u00fcl sz\u00e1m\u00edtunk!<\/p>\n<p><strong>PROGRAM:<br \/><\/strong>Felk\u00e9sz\u00edt\u0151 tan\u00e1csad\u00e1s \u00e1ll\u00e1skeres\u00e9shez, a ny\u00edlt munkaer\u0151-piacon val\u00f3 elhelyezked\u00e9s seg\u00edt\u00e9se. Az \u00f6n\u00e9letrajz\u00edr\u00e1s, az \u00e1ll\u00e1s megszerz\u00e9s\u00e9nek \u00e9s megtart\u00e1s\u00e1nak m\u00f3dja. \u00c1ll\u00e1slehet\u0151s\u00e9gekr\u0151l t\u00e1j\u00e9koztat\u00e1s.<\/p>\n<p><a href=\"https:\/\/www.gemzse.hu\/wp-content\/uploads\/2019\/10\/jovonkertLogo-e1571562142856.jpg\"><img loading=\"lazy\" decoding=\"async\" class=\"alignright wp-image-1397 size-medium\" src=\"https:\/\/www.gemzse.hu\/wp-content\/uploads\/2019\/10\/jovonkertLogo-300x207.jpg\" alt=\"\" width=\"300\" height=\"207\" \/><\/a><\/p>\n","protected":false},"excerpt":{"rendered":"","protected":false},"author":1,"featured_media":0,"parent":1409,"menu_order":0,"comment_status":"closed","ping_status":"closed","template":"","meta":{"footnotes":""},"class_list":["post-1516","page","type-page","status-publish","hentry","nodate","item-wrap"],"_links":{"self":[{"href":"https:\/\/www.gemzse.hu\/index.php?rest_route=\/wp\/v2\/pages\/1516","targetHints":{"allow":["GET"]}}],"collection":[{"href":"https:\/\/www.gemzse.hu\/index.php?rest_route=\/wp\/v2\/pages"}],"about":[{"href":"https:\/\/www.gemzse.hu\/index.php?rest_route=\/wp\/v2\/types\/page"}],"author":[{"embeddable":true,"href":"https:\/\/www.gemzse.hu\/index.php?rest_route=\/wp\/v2\/users\/1"}],"replies":[{"embeddable":true,"href":"https:\/\/www.gemzse.hu\/index.php?rest_route=%2Fwp%2Fv2%2Fcomments&post=1516"}],"version-history":[{"count":3,"href":"https:\/\/www.gemzse.hu\/index.php?rest_route=\/wp\/v2\/pages\/1516\/revisions"}],"predecessor-version":[{"id":1706,"href":"https:\/\/www.gemzse.hu\/index.php?rest_route=\/wp\/v2\/pages\/1516\/revisions\/1706"}],"up":[{"embeddable":true,"href":"https:\/\/www.gemzse.hu\/index.php?rest_route=\/wp\/v2\/pages\/1409"}],"wp:attachment":[{"href":"https:\/\/www.gemzse.hu\/index.php?rest_route=%2Fwp%2Fv2%2Fmedia&parent=1516"}],"curies":[{"name":"wp","href":"https:\/\/api.w.org\/{rel}","templated":true}]}}

MEGHÍVÓ &#8211; „Álláskeresési tanácsadás” rendezvényre

<p>2020.07.21.<a href="https://www.gemzse.hu/wp-content/uploads/2020/07/meghívó-2020.07.23.jpg"><img loading="lazy" decoding="async" class="aligncenter wp-image-1703" src="https://www.gemzse.hu/wp-content/uploads/2020/07/meghívó-2020.07.23.jpg" alt="" width="450" height="628" srcset="https://www.gemzse.hu/wp-content/uploads/2020/07/meghívó-2020.07.23.jpg 386w, https://www.gemzse.hu/wp-content/uploads/2020/07/meghívó-2020.07.23-215x300.jpg 215w" sizes="auto, (max-width: 450px) 100vw, 450px" /></a></p>
<hr /><hr /><hr />
<p>2019.12.04.</p>
<p>Tisztelettel meghívjuk Önt Az <strong>EFOP-1.5.3-16-2017-00089 „Jövőnkért</strong>!” projekt keretében tartandó „Álláskeresési tanácsadás” rendezvényre.</p>
<p><strong>Az Álláskeresési tanácsadás helye:<br /></strong><span style="font-size: inherit;">Gemzse Község Önkormányzata<br /></span>4567 Gemzse Kossuth u. 36. Művelődési Ház.</p>
<p><strong>Az Álláskeresési tanácsadás ideje:<br /></strong>2019.december 18. 09 óra 30 perc.</p>
<p>Személyes megjelenésére a projekt sikeressége érdekében feltétlenül számítunk!</p>
<p><strong>PROGRAM:<br /></strong>Felkészítő tanácsadás álláskereséshez, a nyílt munkaerő-piacon való elhelyezkedés segítése. Az önéletrajzírás, az állás megszerzésének és megtartásának módja. Álláslehetőségekről tájékoztatás.</p>
<p><a href="https://www.gemzse.hu/wp-content/uploads/2019/10/jovonkertLogo-e1571562142856.jpg"><img loading="lazy" decoding="async" class="alignright wp-image-1397 size-medium" src="https://www.gemzse.hu/wp-content/uploads/2019/10/jovonkertLogo-300x207.jpg" alt="" width="300" height="207" /></a></p>
