{"id":1669,"date":"2020-06-10T12:00:39","date_gmt":"2020-06-10T10:00:39","guid":{"rendered":"http:\/\/www.gemzse.hu\/?page_id=1669"},"modified":"2025-02-14T14:27:05","modified_gmt":"2025-02-14T13:27:05","slug":"projekt-celjaink","status":"publish","type":"page","link":"https:\/\/www.gemzse.hu\/?page_id=1669","title":{"rendered":"Projekt c\u00e9ljaink"},"content":{"rendered":"\n<p><a href=\"https:\/\/www.gemzse.hu\/wp-content\/uploads\/2020\/09\/honlapra_infoblokk_kedv_final_felso_cmyk_KA.jpg\"><img loading=\"lazy\" decoding=\"async\" class=\"alignright size-medium wp-image-1735\" src=\"https:\/\/www.gemzse.hu\/wp-content\/uploads\/2020\/09\/honlapra_infoblokk_kedv_final_felso_cmyk_KA-300x207.jpg\" alt=\"\" width=\"300\" height=\"207\" srcset=\"https:\/\/www.gemzse.hu\/wp-content\/uploads\/2020\/09\/honlapra_infoblokk_kedv_final_felso_cmyk_KA-300x207.jpg 300w, https:\/\/www.gemzse.hu\/wp-content\/uploads\/2020\/09\/honlapra_infoblokk_kedv_final_felso_cmyk_KA-1024x708.jpg 1024w, https:\/\/www.gemzse.hu\/wp-content\/uploads\/2020\/09\/honlapra_infoblokk_kedv_final_felso_cmyk_KA-768x531.jpg 768w, https:\/\/www.gemzse.hu\/wp-content\/uploads\/2020\/09\/honlapra_infoblokk_kedv_final_felso_cmyk_KA-750x518.jpg 750w, https:\/\/www.gemzse.hu\/wp-content\/uploads\/2020\/09\/honlapra_infoblokk_kedv_final_felso_cmyk_KA.jpg 1453w\" sizes=\"auto, (max-width: 300px) 100vw, 300px\" \/><\/a>&#8211; Energiahat\u00e9konys\u00e1g \u00e9s energia megtakar\u00edt\u00e1s ir\u00e1nti \u00e9rdekl\u0151d\u00e9s felkelt\u00e9se a lakoss\u00e1g k\u00f6r\u00e9ben.<br \/>&#8211; A lakoss\u00e1g \u00e9p\u00fcletenergetikai korszer\u0171s\u00edt\u00e9s\u00e9re val\u00f3 \u00f6szt\u00f6nz\u00e9s. \u00daj \u00e9p\u00edtkez\u0151k mellett a megl\u00e9v\u0151k fel\u00faj\u00edt\u00e1s\u00e1nak lehet\u0151s\u00e9gei el\u0151ad\u00e1sokkal.<br \/>&#8211; Az energia megtakar\u00edt\u00e1si \u00e9s energiahat\u00e9konys\u00e1gi \u00e9s ezzel \u00f6sszef\u00fcgg\u00e9sben a k\u00f6rnyezetv\u00e9delemmel kapcsolatos ismeretek \u00e1tad\u00e1sa, el\u0151ad\u00e1sok, tan\u00e1csad\u00e1sok, workshopok, m\u00e9diakamp\u00e1nyok seg\u00edts\u00e9g\u00e9vel. <br \/>&#8211; Meg\u00fajul\u00f3 energiaforr\u00e1sok bemutat\u00e1sa (t\u00edpusa, alkalmaz\u00e1sa, k\u00f6lts\u00e9gei \u00e9s haszna)<br \/>&#8211; Energetikai p\u00e1ly\u00e1zati lehet\u0151s\u00e9gekkel a lakosok megismertet\u00e9se. Fontos, hogy r\u00e1\u00e9bressz\u00fck a v\u00e1rosban \u00e9l\u0151ket, s a t\u00e9rs\u00e9g lak\u00f3it, hogy az energia megtakar\u00edt\u00e1s p\u00e1ly\u00e1zati konstrukci\u00f3k felhaszn\u00e1l\u00e1s\u00e1val kisebb befektet\u00e9ssel val\u00f3sulhat meg a fejleszt\u00e9s. <br \/>&#8211; A gyerekek sz\u00e1m\u00e1ra j\u00e1t\u00e9kos feladatok, kreativit\u00e1st fejleszt\u0151 programok \u00f6ssze\u00e1ll\u00edt\u00e1sa, hogy az energia megtakar\u00edt\u00e1s pozit\u00edv \u00e9lm\u00e9nyekkel, sok-sok j\u00e1t\u00e9kkal p\u00e1rosuljon, s a sz\u00fcl\u0151ket is befoly\u00e1solhass\u00e1k az energiatudatos \u00e9letm\u00f3d kialak\u00edt\u00e1s\u00e1ban.<br \/>&#8211; Energia megtakar\u00edt\u00e1s minden ter\u00fcleten val\u00f3 bemutat\u00e1sa: energiaig\u00e9nyek cs\u00f6kkent\u00e9s\u00e9re val\u00f3 figyelemfelh\u00edv\u00e1s, a h\u00e1ztart\u00e1sok mellett (el\u0151ad\u00e1s keret\u00e9ben) mozg\u00f3 ki\u00e1ll\u00edt\u00e1ssal is bemutatni, hogy az energiatudatoss\u00e1g \u00e9s hat\u00e9konys\u00e1g az \u00e9let milyen sok ter\u00fclet\u00e9n alkalmazhat\u00f3. A rendezv\u00e9nyeken energia-mentes j\u00e1tsz\u00f3h\u00e1z. A gyerekeknek megmutatni, hogy a sz\u00e1m\u00edt\u00f3g\u00e9pen t\u00fal is lehet \u00e9lm\u00e9nyekben gazdag j\u00e1t\u00e9kokkal j\u00e1tszani.<br \/>&#8211; Folyamatos akci\u00f3k \u00e9s kamp\u00e1nyok a m\u00e1sf\u00e9l \u00e9v alatt, hogy a lakosok ezzel a t\u00e9m\u00e1val rendszeresen tal\u00e1lkozhassanak.<br \/>&#8211; Az \u00f6nkorm\u00e1nyzat \u00e9s int\u00e9zm\u00e9nyeinek vezet\u0151i, akik a telep\u00fcl\u00e9s \u00e9let\u00e9ben vezet\u0151 szerepet t\u00f6ltenek be, megismerj\u00e9k egy tanulm\u00e1ny\u00fat keret\u00e9ben, hogy egy telep\u00fcl\u00e9s hogyan m\u0171k\u00f6dhet igaz\u00e1n energia hat\u00e9konyan. A vezet\u0151k szeml\u00e9letv\u00e1lt\u00e1sa kell, hogy els\u0151dleges legyen, hiszen erre \u00e9p\u00fclhet a hat\u00e9kony v\u00e1ltoz\u00e1s.<\/p>\n<p><a href=\"https:\/\/www.gemzse.hu\/?page_id=1646\">Vissza az el\u0151z\u0151 oldalra<\/a><\/p>\n","protected":false},"excerpt":{"rendered":"","protected":false},"author":1,"featured_media":0,"parent":1646,"menu_order":0,"comment_status":"closed","ping_status":"closed","template":"","meta":{"footnotes":""},"class_list":["post-1669","page","type-page","status-publish","hentry","nodate","item-wrap"],"_links":{"self":[{"href":"https:\/\/www.gemzse.hu\/index.php?rest_route=\/wp\/v2\/pages\/1669","targetHints":{"allow":["GET"]}}],"collection":[{"href":"https:\/\/www.gemzse.hu\/index.php?rest_route=\/wp\/v2\/pages"}],"about":[{"href":"https:\/\/www.gemzse.hu\/index.php?rest_route=\/wp\/v2\/types\/page"}],"author":[{"embeddable":true,"href":"https:\/\/www.gemzse.hu\/index.php?rest_route=\/wp\/v2\/users\/1"}],"replies":[{"embeddable":true,"href":"https:\/\/www.gemzse.hu\/index.php?rest_route=%2Fwp%2Fv2%2Fcomments&post=1669"}],"version-history":[{"count":5,"href":"https:\/\/www.gemzse.hu\/index.php?rest_route=\/wp\/v2\/pages\/1669\/revisions"}],"predecessor-version":[{"id":2249,"href":"https:\/\/www.gemzse.hu\/index.php?rest_route=\/wp\/v2\/pages\/1669\/revisions\/2249"}],"up":[{"embeddable":true,"href":"https:\/\/www.gemzse.hu\/index.php?rest_route=\/wp\/v2\/pages\/1646"}],"wp:attachment":[{"href":"https:\/\/www.gemzse.hu\/index.php?rest_route=%2Fwp%2Fv2%2Fmedia&parent=1669"}],"curies":[{"name":"wp","href":"https:\/\/api.w.org\/{rel}","templated":true}]}}