{"id":1911,"date":"2022-08-26T21:27:47","date_gmt":"2022-08-26T19:27:47","guid":{"rendered":"http:\/\/www.gemzse.hu\/?page_id=1911"},"modified":"2022-08-26T21:32:21","modified_gmt":"2022-08-26T19:32:21","slug":"tanya-es-falugondnoki-buszok-beszerzese-zaro-szakmai-beszamolo","status":"publish","type":"page","link":"https:\/\/www.gemzse.hu\/?page_id=1911","title":{"rendered":"Tanya- \u00e9s Falugondnoki buszok beszerz\u00e9se (z\u00e1r\u00f3 szakmai besz\u00e1mol\u00f3)"},"content":{"rendered":"\n\n\n<p><a href=\"https:\/\/www.gemzse.hu\/wp-content\/uploads\/2022\/08\/Gemzse-kisbusz-Zaro-szakmai-beszamolo.pdf\"><img loading=\"lazy\" decoding=\"async\" class=\"aligncenter size-full wp-image-1913\" src=\"https:\/\/www.gemzse.hu\/wp-content\/uploads\/2022\/08\/Gemzse_kisbusz1.jpg\" alt=\"\" width=\"1457\" height=\"2097\" srcset=\"https:\/\/www.gemzse.hu\/wp-content\/uploads\/2022\/08\/Gemzse_kisbusz1.jpg 1457w, https:\/\/www.gemzse.hu\/wp-content\/uploads\/2022\/08\/Gemzse_kisbusz1-208x300.jpg 208w, https:\/\/www.gemzse.hu\/wp-content\/uploads\/2022\/08\/Gemzse_kisbusz1-711x1024.jpg 711w, https:\/\/www.gemzse.hu\/wp-content\/uploads\/2022\/08\/Gemzse_kisbusz1-768x1105.jpg 768w, https:\/\/www.gemzse.hu\/wp-content\/uploads\/2022\/08\/Gemzse_kisbusz1-1067x1536.jpg 1067w, https:\/\/www.gemzse.hu\/wp-content\/uploads\/2022\/08\/Gemzse_kisbusz1-1423x2048.jpg 1423w, https:\/\/www.gemzse.hu\/wp-content\/uploads\/2022\/08\/Gemzse_kisbusz1-750x1079.jpg 750w\" sizes=\"auto, (max-width: 1457px) 100vw, 1457px\" \/><\/a><a href=\"https:\/\/www.gemzse.hu\/wp-content\/uploads\/2022\/08\/Gemzse-kisbusz-Zaro-szakmai-beszamolo.pdf\"><img loading=\"lazy\" decoding=\"async\" class=\"aligncenter size-full wp-image-1912\" src=\"https:\/\/www.gemzse.hu\/wp-content\/uploads\/2022\/08\/Gemzse_kisbusz2.jpg\" alt=\"\" width=\"1413\" height=\"913\" srcset=\"https:\/\/www.gemzse.hu\/wp-content\/uploads\/2022\/08\/Gemzse_kisbusz2.jpg 1413w, https:\/\/www.gemzse.hu\/wp-content\/uploads\/2022\/08\/Gemzse_kisbusz2-300x194.jpg 300w, https:\/\/www.gemzse.hu\/wp-content\/uploads\/2022\/08\/Gemzse_kisbusz2-1024x662.jpg 1024w, https:\/\/www.gemzse.hu\/wp-content\/uploads\/2022\/08\/Gemzse_kisbusz2-768x496.jpg 768w, https:\/\/www.gemzse.hu\/wp-content\/uploads\/2022\/08\/Gemzse_kisbusz2-750x485.jpg 750w\" sizes=\"auto, (max-width: 1413px) 100vw, 1413px\" \/><\/a><\/p>\n","protected":false},"excerpt":{"rendered":"","protected":false},"author":1,"featured_media":0,"parent":0,"menu_order":0,"comment_status":"closed","ping_status":"closed","template":"","meta":{"footnotes":""},"class_list":["post-1911","page","type-page","status-publish","hentry","nodate","item-wrap"],"_links":{"self":[{"href":"https:\/\/www.gemzse.hu\/index.php?rest_route=\/wp\/v2\/pages\/1911","targetHints":{"allow":["GET"]}}],"collection":[{"href":"https:\/\/www.gemzse.hu\/index.php?rest_route=\/wp\/v2\/pages"}],"about":[{"href":"https:\/\/www.gemzse.hu\/index.php?rest_route=\/wp\/v2\/types\/page"}],"author":[{"embeddable":true,"href":"https:\/\/www.gemzse.hu\/index.php?rest_route=\/wp\/v2\/users\/1"}],"replies":[{"embeddable":true,"href":"https:\/\/www.gemzse.hu\/index.php?rest_route=%2Fwp%2Fv2%2Fcomments&post=1911"}],"version-history":[{"count":2,"href":"https:\/\/www.gemzse.hu\/index.php?rest_route=\/wp\/v2\/pages\/1911\/revisions"}],"predecessor-version":[{"id":1918,"href":"https:\/\/www.gemzse.hu\/index.php?rest_route=\/wp\/v2\/pages\/1911\/revisions\/1918"}],"wp:attachment":[{"href":"https:\/\/www.gemzse.hu\/index.php?rest_route=%2Fwp%2Fv2%2Fmedia&parent=1911"}],"curies":[{"name":"wp","href":"https:\/\/api.w.org\/{rel}","templated":true}]}}