{"id":1958,"date":"2023-04-03T10:43:12","date_gmt":"2023-04-03T08:43:12","guid":{"rendered":"http:\/\/www.gemzse.hu\/?page_id=1958"},"modified":"2025-06-17T13:57:08","modified_gmt":"2025-06-17T11:57:08","slug":"gemzse-kozseg-kulteruleti-utak-felujitasa","status":"publish","type":"page","link":"https:\/\/www.gemzse.hu\/?page_id=1958","title":{"rendered":"Gemzse K\u00f6zs\u00e9g k\u00fclter\u00fcleti utak fel\u00faj\u00edt\u00e1sa &#8211; VP-3352145089"},"content":{"rendered":"\n<p><strong>A projekt c\u00edme: <\/strong>Gemzse K\u00f6zs\u00e9g k\u00fclter\u00fcleti utak fel\u00faj\u00edt\u00e1sa<\/p>\n<p><strong>A kedvezm\u00e9nyezett neve: <\/strong>Gemzse K\u00f6zs\u00e9g \u00d6nkorm\u00e1nyzata<\/p>\n<p><strong>A szerz\u0151d\u00f6tt t\u00e1mogat\u00e1s \u00f6sszege<\/strong>: 284\u00a0650\u00a0034 Ft<\/p>\n<p><strong>A t\u00e1mogat\u00e1s m\u00e9rt\u00e9ke: <\/strong>95%<\/p>\n<p><strong>A projekt azonos\u00edt\u00f3 sz\u00e1ma: VP-3352145089<\/strong><\/p>\n<p><strong>A projekt befejez\u00e9si d\u00e1tuma:<\/strong> 2025.06.30.<\/p>\n<p><strong>A projekt tartalma: Gemzse k\u00fclter\u00fcleti \u00fatjainak fel\u00faj\u00edt\u00e1sa a helyi gazdas\u00e1gok fejleszt\u00e9s\u00e9\u00e9rt<\/strong><\/p>\n<p style=\"text-align: justify;\">A projekt c\u00e9lja Gemzse k\u00f6zs\u00e9g k\u00fclter\u00fcleti \u00fatjainak korszer\u0171s\u00edt\u00e9se volt, amelyek a sz\u00e1nt\u00f3f\u00f6ldek, gy\u00fcm\u00f6lcs\u00f6s\u00f6k \u00e9s erd\u0151gazdas\u00e1gi ter\u00fcletek megk\u00f6zel\u00edt\u00e9s\u00e9t, valamint a szomsz\u00e9dos telep\u00fcl\u00e9sek k\u00f6z\u00f6tti \u00f6sszek\u00f6ttet\u00e9st biztos\u00edtj\u00e1k. A fejleszt\u00e9s kiemelt jelent\u0151s\u00e9g\u0171 volt a helyi mez\u0151gazdas\u00e1gi termel\u00e9s szempontj\u00e1b\u00f3l, mivel a betakar\u00edtott term\u00e9nyek t\u00f6bbs\u00e9g\u00e9t k\u00f6zvetlen\u00fcl a term\u0151ter\u00fcleteken veszik \u00e1t a sz\u00e1ll\u00edt\u00f3j\u00e1rm\u0171vek. Ennek biztons\u00e1gos lebonyol\u00edt\u00e1s\u00e1hoz elengedhetetlen volt a megfelel\u0151 \u00e1llapot\u00fa \u00fath\u00e1l\u00f3zat.<\/p>\n<p style=\"text-align: justify;\">A kor\u00e1bban homokos talaj\u00fa, es\u0151s id\u0151ben j\u00e1rhatatlann\u00e1 v\u00e1l\u00f3 \u00fatszakaszok k\u00fcl\u00f6n\u00f6sen a szeptember\u2013okt\u00f3beri betakar\u00edt\u00e1si id\u0151szakban okoztak komoly neh\u00e9zs\u00e9geket. A projekt ezekre a probl\u00e9m\u00e1kra adott hat\u00e9kony v\u00e1laszt: Gemzse k\u00f6zs\u00e9g k\u00fclter\u00fcleti \u00fatjainak fel\u00faj\u00edt\u00e1sa a k\u00f6zigazgat\u00e1si hat\u00e1rokig val\u00f3sult meg, a gazdas\u00e1gok el\u00e9rhet\u0151s\u00e9g\u00e9nek jav\u00edt\u00e1sa \u00e9s a mez\u0151gazdas\u00e1gi v\u00e1llalkoz\u00e1sok m\u0171k\u00f6d\u00e9s\u00e9nek t\u00e1mogat\u00e1sa \u00e9rdek\u00e9ben.<\/p>\n<p style=\"text-align: justify;\">A beruh\u00e1z\u00e1s keret\u00e9ben az \u00f6nkorm\u00e1nyzat tulajdon\u00e1ban l\u00e9v\u0151 068, 094, 019, 0133 \u00e9s 03 helyrajzi sz\u00e1m\u00fa k\u00fclter\u00fcleti utak \u00fajultak meg. A fejleszt\u00e9s sor\u00e1n:<\/p>\n<ul>\n<li style=\"text-align: justify;\">A 03 hrsz-\u00fa telep\u00fcl\u00e9sk\u00f6zi \u00fatszakasz 3,5\u20134 m\u00e9ter sz\u00e9less\u00e9gben \u00faj aszfaltburkolatot kapott, k\u00e9toldali 0,5 m\u00e9teres padk\u00e1val, eg\u00e9szen a k\u00f6zigazgat\u00e1si hat\u00e1rig.<\/li>\n<li style=\"text-align: justify;\">A 068, 094 \u00e9s 0133 hrsz-\u00fa utak 3 m\u00e9ter sz\u00e9les mart aszfaltos z\u00fazottk\u0151 burkolattal k\u00e9sz\u00fcltek el, 1-1 m\u00e9teres oldalp\u00e1ly\u00e1kkal.<\/li>\n<li style=\"text-align: justify;\">A 019 hrsz-\u00fa \u00fatszakasz 4 m\u00e9ter sz\u00e9les mart aszfaltos z\u00fazottk\u0151 p\u00e1lyaszerkezettel, szint\u00e9n k\u00e9toldali 1 m\u00e9teres padk\u00e1val ker\u00fclt kialak\u00edt\u00e1sra.<\/li>\n<\/ul>\n<p><strong>Az \u00e9rintett \u00fatszakaszok \u00e9s funkci\u00f3ik:<\/strong><\/p>\n<ol>\n<li style=\"text-align: justify;\"><strong>03 hrsz<\/strong>\u00a0\u2013 A Gemzs\u00e9t Ny\u00edrmad\u00e1val \u00f6sszek\u00f6t\u0151 aszfaltburkolat\u00fa \u00fatszakasz, amely kulcsfontoss\u00e1g\u00fa a teherforgalom sz\u00e1m\u00e1ra. Az \u00fat k\u00f6nny\u0171 hozz\u00e1f\u00e9r\u00e9st biztos\u00edt a sz\u00e1nt\u00f3f\u00f6ldekhez, gy\u00fcm\u00f6lcs\u00f6s\u00f6kh\u00f6z \u00e9s tany\u00e1khoz.<\/li>\n<li style=\"text-align: justify;\"><strong>068 hrsz<\/strong>\u00a0\u2013 Gemzs\u00e9t L\u00f6v\u0151petri telep\u00fcl\u00e9ssel k\u00f6ti \u00f6ssze. Az \u00fat ment\u00e9n f\u0151k\u00e9nt gy\u00fcm\u00f6lcs\u00f6s\u00f6k, erd\u0151gazd\u00e1lkod\u00e1si \u00e9s sz\u00e1nt\u00f3f\u00f6ldi kult\u00far\u00e1val foglalkoz\u00f3 gazdas\u00e1gok tal\u00e1lhat\u00f3k.<\/li>\n<li style=\"text-align: justify;\"><strong>094 hrsz<\/strong>\u00a0\u2013 Ny\u00edrkar\u00e1sz telep\u00fcl\u00e9s ir\u00e1ny\u00e1ba biztos\u00edt kapcsolatot. Itt zajlott a legnagyobb mez\u0151gazdas\u00e1gi forgalom, k\u00fcl\u00f6n\u00f6sen az Erd\u0151h\u00e1z Zrt. f\u00f6ldjeinek megk\u00f6zel\u00edt\u00e9se r\u00e9v\u00e9n.<\/li>\n<li style=\"text-align: justify;\"><strong>0133 hrsz<\/strong>\u00a0\u2013 A Szabads\u00e1gtany\u00e1hoz vezet\u0151 \u00fat, amely mellett els\u0151sorban gy\u00fcm\u00f6lcs\u00f6s\u00f6k tal\u00e1lhat\u00f3k. A sz\u00fcreti id\u0151szakban jelent\u0151s kamionforgalom jellemz\u0151 ezen a szakaszon.<\/li>\n<li style=\"text-align: justify;\"><strong>019 hrsz<\/strong>\u00a0\u2013 Gemzs\u00e9t Gy\u00fcre k\u00f6zs\u00e9ggel k\u00f6ti \u00f6ssze, ahol sz\u00e1nt\u00f3f\u00f6ldi n\u00f6v\u00e9nytermeszt\u00e9ssel, gy\u00fcm\u00f6lcs\u00f6ssel \u00e9s erd\u0151gazd\u00e1lkod\u00e1ssal foglalkoz\u00f3 termel\u0151k tev\u00e9kenykednek.<\/li>\n<\/ol>\n<p><strong>A projekt eredm\u00e9nyei:<\/strong><\/p>\n<p style=\"text-align: justify;\">A fel\u00faj\u00edtott \u00fatszakaszok jelent\u0151s m\u00e9rt\u00e9kben jav\u00edtott\u00e1k a k\u00fclter\u00fcleti gazdas\u00e1gok \u00e9s v\u00e1llalkoz\u00e1sok megk\u00f6zel\u00edthet\u0151s\u00e9g\u00e9t. Az utak v\u00edzelvezet\u00e9si k\u00e9pess\u00e9g\u00e9nek \u00e9s m\u0171szaki \u00e1llapot\u00e1nak jav\u00edt\u00e1sa hozz\u00e1j\u00e1rult a balesetmentes k\u00f6zleked\u00e9shez, a k\u00f6zleked\u00e9si komfort\u00e9rzet n\u00f6vel\u00e9s\u00e9hez, valamint a helyi mez\u0151gazdas\u00e1g versenyk\u00e9pess\u00e9g\u00e9nek meg\u0151rz\u00e9s\u00e9hez.<\/p>\n<p style=\"text-align: justify;\">A belter\u00fcleti utak s\u00e1rterhel\u00e9s\u00e9nek cs\u00f6kken\u00e9se a telep\u00fcl\u00e9s eszt\u00e9tikai megjelen\u00e9s\u00e9t is pozit\u00edvan befoly\u00e1solta. A fejleszt\u00e9s eredm\u00e9nyek\u00e9nt Gemzse \u00e9lhet\u0151bb\u00e9 v\u00e1lt, n\u0151tt a telep\u00fcl\u00e9s vonzereje \u00e9s lakoss\u00e1gmegtart\u00f3 ereje, mik\u00f6zben a helyi gazdas\u00e1gokat is \u00e9rdemben t\u00e1mogatta. A fel\u00faj\u00edtott infrastrukt\u00fara tov\u00e1bb\u00e1 kedvez\u0151en hatott a telep\u00fcl\u00e9si ingatlanok \u00e9rt\u00e9k\u00e9re \u00e9s a munkav\u00e1llal\u00e1si hajland\u00f3s\u00e1gra a mez\u0151gazdas\u00e1gi szektorban.<\/p>\n<div class=\"wp-block-image\">\n<div class=\"wp-block-image\">\n<div class=\"wp-block-image\"><a href=\"https:\/\/www.gemzse.hu\/wp-content\/uploads\/2023\/04\/sz2020-infoblokk_EMVA_3c.png\"><img loading=\"lazy\" decoding=\"async\" class=\"aligncenter size-large wp-image-1963\" src=\"https:\/\/www.gemzse.hu\/wp-content\/uploads\/2023\/04\/sz2020-infoblokk_EMVA_3c-1024x280.png\" alt=\"\" width=\"750\" height=\"205\" srcset=\"https:\/\/www.gemzse.hu\/wp-content\/uploads\/2023\/04\/sz2020-infoblokk_EMVA_3c-1024x280.png 1024w, https:\/\/www.gemzse.hu\/wp-content\/uploads\/2023\/04\/sz2020-infoblokk_EMVA_3c-300x82.png 300w, https:\/\/www.gemzse.hu\/wp-content\/uploads\/2023\/04\/sz2020-infoblokk_EMVA_3c-768x210.png 768w, https:\/\/www.gemzse.hu\/wp-content\/uploads\/2023\/04\/sz2020-infoblokk_EMVA_3c-1536x419.png 1536w, https:\/\/www.gemzse.hu\/wp-content\/uploads\/2023\/04\/sz2020-infoblokk_EMVA_3c-750x205.png 750w, https:\/\/www.gemzse.hu\/wp-content\/uploads\/2023\/04\/sz2020-infoblokk_EMVA_3c.png 1637w\" sizes=\"auto, (max-width: 750px) 100vw, 750px\" \/><\/a><\/div>\n<div class=\"wp-block-image\">\u00a0<\/div>\n<\/div>\n<\/div>\n","protected":false},"excerpt":{"rendered":"","protected":false},"author":1,"featured_media":0,"parent":2269,"menu_order":0,"comment_status":"closed","ping_status":"closed","template":"","meta":{"footnotes":""},"class_list":["post-1958","page","type-page","status-publish","hentry","nodate","item-wrap"],"_links":{"self":[{"href":"https:\/\/www.gemzse.hu\/index.php?rest_route=\/wp\/v2\/pages\/1958","targetHints":{"allow":["GET"]}}],"collection":[{"href":"https:\/\/www.gemzse.hu\/index.php?rest_route=\/wp\/v2\/pages"}],"about":[{"href":"https:\/\/www.gemzse.hu\/index.php?rest_route=\/wp\/v2\/types\/page"}],"author":[{"embeddable":true,"href":"https:\/\/www.gemzse.hu\/index.php?rest_route=\/wp\/v2\/users\/1"}],"replies":[{"embeddable":true,"href":"https:\/\/www.gemzse.hu\/index.php?rest_route=%2Fwp%2Fv2%2Fcomments&post=1958"}],"version-history":[{"count":4,"href":"https:\/\/www.gemzse.hu\/index.php?rest_route=\/wp\/v2\/pages\/1958\/revisions"}],"predecessor-version":[{"id":2466,"href":"https:\/\/www.gemzse.hu\/index.php?rest_route=\/wp\/v2\/pages\/1958\/revisions\/2466"}],"up":[{"embeddable":true,"href":"https:\/\/www.gemzse.hu\/index.php?rest_route=\/wp\/v2\/pages\/2269"}],"wp:attachment":[{"href":"https:\/\/www.gemzse.hu\/index.php?rest_route=%2Fwp%2Fv2%2Fmedia&parent=1958"}],"curies":[{"name":"wp","href":"https:\/\/api.w.org\/{rel}","templated":true}]}}

Gemzse Község külterületi utak felújítása &#8211; VP-3352145089

<p><strong>A projekt címe: </strong>Gemzse Község külterületi utak felújítása</p>
<p><strong>A kedvezményezett neve: </strong>Gemzse Község Önkormányzata</p>
<p><strong>A szerződött támogatás összege</strong>: 284 650 034 Ft</p>
<p><strong>A támogatás mértéke: </strong>95%</p>
<p><strong>A projekt azonosító száma: VP-3352145089</strong></p>
<p><strong>A projekt befejezési dátuma:</strong> 2025.06.30.</p>
<p><strong>A projekt tartalma: Gemzse külterületi útjainak felújítása a helyi gazdaságok fejlesztéséért</strong></p>
<p style="text-align: justify;">A projekt célja Gemzse község külterületi útjainak korszerűsítése volt, amelyek a szántóföldek, gyümölcsösök és erdőgazdasági területek megközelítését, valamint a szomszédos települések közötti összeköttetést biztosítják. A fejlesztés kiemelt jelentőségű volt a helyi mezőgazdasági termelés szempontjából, mivel a betakarított termények többségét közvetlenül a termőterületeken veszik át a szállítójárművek. Ennek biztonságos lebonyolításához elengedhetetlen volt a megfelelő állapotú úthálózat.</p>
<p style="text-align: justify;">A korábban homokos talajú, esős időben járhatatlanná váló útszakaszok különösen a szeptember–októberi betakarítási időszakban okoztak komoly nehézségeket. A projekt ezekre a problémákra adott hatékony választ: Gemzse község külterületi útjainak felújítása a közigazgatási határokig valósult meg, a gazdaságok elérhetőségének javítása és a mezőgazdasági vállalkozások működésének támogatása érdekében.</p>
<p style="text-align: justify;">A beruházás keretében az önkormányzat tulajdonában lévő 068, 094, 019, 0133 és 03 helyrajzi számú külterületi utak újultak meg. A fejlesztés során:</p>
<ul>
<li style="text-align: justify;">A 03 hrsz-ú településközi útszakasz 3,5–4 méter szélességben új aszfaltburkolatot kapott, kétoldali 0,5 méteres padkával, egészen a közigazgatási határig.</li>
<li style="text-align: justify;">A 068, 094 és 0133 hrsz-ú utak 3 méter széles mart aszfaltos zúzottkő burkolattal készültek el, 1-1 méteres oldalpályákkal.</li>
<li style="text-align: justify;">A 019 hrsz-ú útszakasz 4 méter széles mart aszfaltos zúzottkő pályaszerkezettel, szintén kétoldali 1 méteres padkával került kialakításra.</li>
</ul>
<p><strong>Az érintett útszakaszok és funkcióik:</strong></p>
<ol>
<li style="text-align: justify;"><strong>03 hrsz</strong> – A Gemzsét Nyírmadával összekötő aszfaltburkolatú útszakasz, amely kulcsfontosságú a teherforgalom számára. Az út könnyű hozzáférést biztosít a szántóföldekhez, gyümölcsösökhöz és tanyákhoz.</li>
<li style="text-align: justify;"><strong>068 hrsz</strong> – Gemzsét Lövőpetri településsel köti össze. Az út mentén főként gyümölcsösök, erdőgazdálkodási és szántóföldi kultúrával foglalkozó gazdaságok találhatók.</li>
<li style="text-align: justify;"><strong>094 hrsz</strong> – Nyírkarász település irányába biztosít kapcsolatot. Itt zajlott a legnagyobb mezőgazdasági forgalom, különösen az Erdőház Zrt. földjeinek megközelítése révén.</li>
<li style="text-align: justify;"><strong>0133 hrsz</strong> – A Szabadságtanyához vezető út, amely mellett elsősorban gyümölcsösök találhatók. A szüreti időszakban jelentős kamionforgalom jellemző ezen a szakaszon.</li>
<li style="text-align: justify;"><strong>019 hrsz</strong> – Gemzsét Gyüre községgel köti össze, ahol szántóföldi növénytermesztéssel, gyümölcsössel és erdőgazdálkodással foglalkozó termelők tevékenykednek.</li>
</ol>
<p><strong>A projekt eredményei:</strong></p>
<p style="text-align: justify;">A felújított útszakaszok jelentős mértékben javították a külterületi gazdaságok és vállalkozások megközelíthetőségét. Az utak vízelvezetési képességének és műszaki állapotának javítása hozzájárult a balesetmentes közlekedéshez, a közlekedési komfortérzet növeléséhez, valamint a helyi mezőgazdaság versenyképességének megőrzéséhez.</p>
<p style="text-align: justify;">A belterületi utak sárterhelésének csökkenése a település esztétikai megjelenését is pozitívan befolyásolta. A fejlesztés eredményeként Gemzse élhetőbbé vált, nőtt a település vonzereje és lakosságmegtartó ereje, miközben a helyi gazdaságokat is érdemben támogatta. A felújított infrastruktúra továbbá kedvezően hatott a települési ingatlanok értékére és a munkavállalási hajlandóságra a mezőgazdasági szektorban.</p>
<div class="wp-block-image">
<div class="wp-block-image">
<div class="wp-block-image"><a href="https://www.gemzse.hu/wp-content/uploads/2023/04/sz2020-infoblokk_EMVA_3c.png"><img loading="lazy" decoding="async" class="aligncenter size-large wp-image-1963" src="https://www.gemzse.hu/wp-content/uploads/2023/04/sz2020-infoblokk_EMVA_3c-1024x280.png" alt="" width="750" height="205" srcset="https://www.gemzse.hu/wp-content/uploads/2023/04/sz2020-infoblokk_EMVA_3c-1024x280.png 1024w, https://www.gemzse.hu/wp-content/uploads/2023/04/sz2020-infoblokk_EMVA_3c-300x82.png 300w, https://www.gemzse.hu/wp-content/uploads/2023/04/sz2020-infoblokk_EMVA_3c-768x210.png 768w, https://www.gemzse.hu/wp-content/uploads/2023/04/sz2020-infoblokk_EMVA_3c-1536x419.png 1536w, https://www.gemzse.hu/wp-content/uploads/2023/04/sz2020-infoblokk_EMVA_3c-750x205.png 750w, https://www.gemzse.hu/wp-content/uploads/2023/04/sz2020-infoblokk_EMVA_3c.png 1637w" sizes="auto, (max-width: 750px) 100vw, 750px" /></a></div>
<div class="wp-block-image"> </div>
</div>
</div>
