{"id":2220,"date":"2025-02-10T23:22:43","date_gmt":"2025-02-10T22:22:43","guid":{"rendered":"https:\/\/www.gemzse.hu\/?page_id=2220"},"modified":"2025-02-10T23:22:43","modified_gmt":"2025-02-10T22:22:43","slug":"i-szervezeti-szemelyzeti-adatok","status":"publish","type":"page","link":"https:\/\/www.gemzse.hu\/?page_id=2220","title":{"rendered":"I. Szervezeti, szem\u00e9lyzeti adatok"},"content":{"rendered":"\n<table style=\"border-collapse: collapse; width: 100%; height: 523px;\">\n<tbody>\n<tr style=\"height: 70px;\">\n<td style=\"width: 3.80952%; vertical-align: middle; text-align: center; height: 70px; background-color: #c9dbff;\">1.<\/td>\n<td style=\"width: 96.0714%; height: 70px; background-color: #c9dbff;\">A k\u00f6zfeladatot ell\u00e1t\u00f3 szerv hivatalos neve, sz\u00e9khelye, postai c\u00edme, telefon- \u00e9s telefaxsz\u00e1ma, elektronikus lev\u00e9lc\u00edme, honlapja, \u00fcgyf\u00e9lszolg\u00e1lat\u00e1nak el\u00e9rhet\u0151s\u00e9gei<\/td>\n<\/tr>\n<tr style=\"height: 15px;\">\n<td style=\"width: 3.80952%; height: 23px; vertical-align: middle; text-align: center;\">\u00a0<\/td>\n<td style=\"width: 96.0714%; height: 23px;\">\u00a0<\/td>\n<\/tr>\n<tr style=\"height: 23px;\">\n<td style=\"width: 3.80952%; height: 23px; vertical-align: middle; text-align: center; background-color: #ffe4c9;\">2.<\/td>\n<td style=\"width: 96.0714%; height: 23px; background-color: #ffe4c9;\">A k\u00f6zfeladatot ell\u00e1t\u00f3 szerv szervezeti fel\u00e9p\u00edt\u00e9se szervezeti egys\u00e9gek megjel\u00f6l\u00e9s\u00e9vel, az egyes szervezeti egys\u00e9gek feladatai<\/td>\n<\/tr>\n<tr style=\"height: 10px;\">\n<td style=\"width: 3.80952%; height: 23px; vertical-align: middle; text-align: center;\">\u00a0<\/td>\n<td style=\"width: 96.0714%; height: 23px;\">\u00a0<\/td>\n<\/tr>\n<tr style=\"height: 23px;\">\n<td style=\"width: 3.80952%; height: 23px; vertical-align: middle; text-align: center; background-color: #c9dbff;\">3.<\/td>\n<td style=\"width: 96.0714%; height: 23px; background-color: #c9dbff;\">A k\u00f6zfeladatot ell\u00e1t\u00f3 szerv vezet\u0151inek \u00e9s az egyes szervezeti egys\u00e9gek vezet\u0151inek neve, beoszt\u00e1sa, el\u00e9rhet\u0151s\u00e9ge (telefon- \u00e9s telefaxsz\u00e1ma, elektronikus lev\u00e9lc\u00edm)<\/td>\n<\/tr>\n<tr style=\"height: 10px;\">\n<td style=\"width: 3.80952%; height: 23px; vertical-align: middle; text-align: center;\">\u00a0<\/td>\n<td style=\"width: 96.0714%; height: 23px;\">\u00a0<\/td>\n<\/tr>\n<tr style=\"height: 23px;\">\n<td style=\"width: 3.80952%; height: 23px; vertical-align: middle; text-align: center; background-color: #ffe4c9;\">4.<\/td>\n<td style=\"width: 96.0714%; height: 23px; background-color: #ffe4c9;\">A szervezeten bel\u00fcl illet\u00e9kes \u00fcgyf\u00e9lkapcsolati vezet\u0151 neve, el\u00e9rhet\u0151s\u00e9ge (telefon- \u00e9s telefaxsz\u00e1ma, elektronikus lev\u00e9lc\u00edme) \u00e9s az \u00fcgyf\u00e9lfogad\u00e1si rend<\/td>\n<\/tr>\n<tr style=\"height: 10px;\">\n<td style=\"width: 3.80952%; height: 23px; vertical-align: middle; text-align: center;\">\u00a0<\/td>\n<td style=\"width: 96.0714%; height: 23px;\">\u00a0<\/td>\n<\/tr>\n<tr style=\"height: 16px;\">\n<td style=\"width: 3.80952%; height: 16px; vertical-align: middle; text-align: center; background-color: #c9dbff;\">5.<\/td>\n<td style=\"width: 96.0714%; height: 16px; background-color: #c9dbff;\">Test\u00fcleti szerv eset\u00e9n a test\u00fclet l\u00e9tsz\u00e1ma, \u00f6sszet\u00e9tele, tagjainak neve, beoszt\u00e1sa, el\u00e9rhet\u0151s\u00e9ge<\/td>\n<\/tr>\n<tr style=\"height: 10px;\">\n<td style=\"width: 3.80952%; height: 23px; vertical-align: middle; text-align: center;\">\u00a0<\/td>\n<td style=\"width: 96.0714%; height: 23px;\">\u00a0<\/td>\n<\/tr>\n<tr style=\"height: 23px;\">\n<td style=\"width: 3.80952%; vertical-align: middle; text-align: center; height: 23px; background-color: #ffe4c9;\">6.<\/td>\n<td style=\"width: 96.0714%; height: 23px; background-color: #ffe4c9;\">A k\u00f6zfeladatot ell\u00e1t\u00f3 szerv ir\u00e1ny\u00edt\u00e1sa, fel\u00fcgyelete vagy ellen\u0151rz\u00e9se alatt \u00e1ll\u00f3, vagy al\u00e1rendelts\u00e9g\u00e9ben m\u0171k\u00f6d\u0151 m\u00e1s k\u00f6zfeladatot ell\u00e1t\u00f3 szervek megnevez\u00e9se, \u00e9s 1. pontban meghat\u00e1rozott adatai<\/td>\n<\/tr>\n<tr style=\"height: 10px;\">\n<td style=\"width: 3.80952%; vertical-align: middle; text-align: center; height: 23px;\">\u00a0<\/td>\n<td style=\"width: 96.0714%; height: 23px;\">\u00a0<\/td>\n<\/tr>\n<tr style=\"height: 23px;\">\n<td style=\"width: 3.80952%; vertical-align: middle; text-align: center; height: 23px; background-color: #c9dbff;\">7.<\/td>\n<td style=\"width: 96.0714%; height: 23px; background-color: #c9dbff;\">A k\u00f6zfeladatot ell\u00e1t\u00f3 szerv t\u00f6bbs\u00e9gi tulajdon\u00e1ban \u00e1ll\u00f3, illetve r\u00e9szv\u00e9tel\u00e9vel m\u0171k\u00f6d\u0151 gazd\u00e1lkod\u00f3 szervezet [Ptk. 685. \u00a7 c) pont] neve, sz\u00e9khelye, el\u00e9rhet\u0151s\u00e9ge, tev\u00e9kenys\u00e9gi k\u00f6re, k\u00e9pvisel\u0151j\u00e9nek neve, a k\u00f6zfeladatot ell\u00e1t\u00f3 szerv r\u00e9szesed\u00e9s\u00e9nek m\u00e9rt\u00e9ke<\/td>\n<\/tr>\n<tr style=\"height: 23px;\">\n<td style=\"width: 3.80952%; vertical-align: middle; text-align: center; height: 23px;\">\u00a0<\/td>\n<td style=\"width: 96.0714%; height: 23px;\">\u00a0<\/td>\n<\/tr>\n<tr style=\"height: 23px;\">\n<td style=\"width: 3.80952%; vertical-align: middle; text-align: center; height: 23px; background-color: #ffe4c9;\">8<\/td>\n<td style=\"width: 96.0714%; height: 23px; background-color: #ffe4c9;\">A k\u00f6zfeladatot ell\u00e1t\u00f3 szerv \u00e1ltal alap\u00edtott k\u00f6zalap\u00edtv\u00e1nyok neve, sz\u00e9khelye, el\u00e9rhet\u0151s\u00e9ge (postai c\u00edme, telefon- \u00e9s telefaxsz\u00e1ma, elektronikus lev\u00e9lc\u00edme), alap\u00edt\u00f3 okirata, kezel\u0151 szerv\u00e9nek tagjai<\/td>\n<\/tr>\n<tr style=\"height: 23px;\">\n<td style=\"width: 3.80952%; vertical-align: middle; text-align: center; height: 23px;\">\u00a0<\/td>\n<td style=\"width: 96.0714%; height: 23px;\">\u00a0<\/td>\n<\/tr>\n<tr style=\"height: 23px;\">\n<td style=\"width: 3.80952%; vertical-align: middle; text-align: center; height: 23px; background-color: #c9dbff;\">9.<\/td>\n<td style=\"width: 96.0714%; height: 23px; background-color: #c9dbff;\">A k\u00f6zfeladatot ell\u00e1t\u00f3 szerv \u00e1ltal alap\u00edtott k\u00f6lts\u00e9gvet\u00e9si szerv neve, sz\u00e9khelye, a k\u00f6lts\u00e9gvet\u00e9si szervet alap\u00edt\u00f3 jogszab\u00e1ly megjel\u00f6l\u00e9se, illetve az azt alap\u00edt\u00f3 hat\u00e1rozat, a k\u00f6lts\u00e9gvet\u00e9si szerv alap\u00edt\u00f3 okirata, vezet\u0151je, honlapj\u00e1nak el\u00e9rhet\u0151s\u00e9ge<\/td>\n<\/tr>\n<tr style=\"height: 23px;\">\n<td style=\"width: 3.80952%; vertical-align: middle; text-align: center; height: 23px;\">\u00a0<\/td>\n<td style=\"width: 96.0714%; height: 23px;\">\u00a0<\/td>\n<\/tr>\n<tr style=\"height: 23px;\">\n<td style=\"width: 3.80952%; vertical-align: middle; text-align: center; height: 23px; background-color: #ffe4c9;\">10.<\/td>\n<td style=\"width: 96.0714%; height: 23px; background-color: #ffe4c9;\">A k\u00f6zfeladatot ell\u00e1t\u00f3 szerv \u00e1ltal alap\u00edtott lapok neve, a szerkeszt\u0151s\u00e9g \u00e9s kiad\u00f3 neve \u00e9s c\u00edme, valamint a f\u0151szerkeszt\u0151 neve<\/td>\n<\/tr>\n<tr style=\"height: 23px;\">\n<td style=\"width: 3.80952%; vertical-align: middle; text-align: center; height: 23px;\">\u00a0<\/td>\n<td style=\"width: 96.0714%; height: 23px;\">\u00a0<\/td>\n<\/tr>\n<tr style=\"height: 23px;\">\n<td style=\"width: 3.80952%; vertical-align: middle; text-align: center; height: 23px; background-color: #c9dbff;\">11.<\/td>\n<td style=\"width: 96.0714%; height: 23px; background-color: #c9dbff;\">A k\u00f6zfeladatot ell\u00e1t\u00f3 szerv felettes, illetve fel\u00fcgyeleti szerv\u00e9nek, ennek hi\u00e1ny\u00e1ban a k\u00f6zfeladatot ell\u00e1t\u00f3 szerv felett t\u00f6rv\u00e9nyess\u00e9gi ellen\u0151rz\u00e9st gyakorl\u00f3 szerv 1. pontban meghat\u00e1rozott adatai<\/td>\n<\/tr>\n<\/tbody>\n<\/table>\n","protected":false},"excerpt":{"rendered":"","protected":false},"author":1,"featured_media":0,"parent":0,"menu_order":0,"comment_status":"closed","ping_status":"closed","template":"","meta":{"footnotes":""},"class_list":["post-2220","page","type-page","status-publish","hentry","nodate","item-wrap"],"_links":{"self":[{"href":"https:\/\/www.gemzse.hu\/index.php?rest_route=\/wp\/v2\/pages\/2220","targetHints":{"allow":["GET"]}}],"collection":[{"href":"https:\/\/www.gemzse.hu\/index.php?rest_route=\/wp\/v2\/pages"}],"about":[{"href":"https:\/\/www.gemzse.hu\/index.php?rest_route=\/wp\/v2\/types\/page"}],"author":[{"embeddable":true,"href":"https:\/\/www.gemzse.hu\/index.php?rest_route=\/wp\/v2\/users\/1"}],"replies":[{"embeddable":true,"href":"https:\/\/www.gemzse.hu\/index.php?rest_route=%2Fwp%2Fv2%2Fcomments&post=2220"}],"version-history":[{"count":2,"href":"https:\/\/www.gemzse.hu\/index.php?rest_route=\/wp\/v2\/pages\/2220\/revisions"}],"predecessor-version":[{"id":2301,"href":"https:\/\/www.gemzse.hu\/index.php?rest_route=\/wp\/v2\/pages\/2220\/revisions\/2301"}],"wp:attachment":[{"href":"https:\/\/www.gemzse.hu\/index.php?rest_route=%2Fwp%2Fv2%2Fmedia&parent=2220"}],"curies":[{"name":"wp","href":"https:\/\/api.w.org\/{rel}","templated":true}]}}