{"id":2407,"date":"2025-02-25T17:22:59","date_gmt":"2025-02-25T16:22:59","guid":{"rendered":"https:\/\/www.gemzse.hu\/?page_id=2407"},"modified":"2025-02-25T17:25:32","modified_gmt":"2025-02-25T16:25:32","slug":"fogjunk-ossze-a-kornyezetunkert-fotok-rendezvenyeinkrol","status":"publish","type":"page","link":"https:\/\/www.gemzse.hu\/?page_id=2407","title":{"rendered":"Fogjunk \u00f6ssze a k\u00f6rnyezet\u00fcnk\u00e9rt \u2013 Fot\u00f3k rendezv\u00e9nyeinkr\u0151l"},"content":{"rendered":"\n<figure class=\"wp-block-gallery has-nested-images columns-default is-cropped wp-block-gallery-1 is-layout-flex wp-block-gallery-is-layout-flex\">\n<figure class=\"wp-block-image size-large\"><a href=\"https:\/\/www.gemzse.hu\/wp-content\/uploads\/2025\/02\/IMG_1903.jpg\"><img loading=\"lazy\" decoding=\"async\" width=\"766\" height=\"1024\" data-id=\"2411\" src=\"https:\/\/www.gemzse.hu\/wp-content\/uploads\/2025\/02\/IMG_1903-766x1024.jpg\" alt=\"\" class=\"wp-image-2411\" srcset=\"https:\/\/www.gemzse.hu\/wp-content\/uploads\/2025\/02\/IMG_1903-766x1024.jpg 766w, https:\/\/www.gemzse.hu\/wp-content\/uploads\/2025\/02\/IMG_1903-224x300.jpg 224w, https:\/\/www.gemzse.hu\/wp-content\/uploads\/2025\/02\/IMG_1903-768x1026.jpg 768w, https:\/\/www.gemzse.hu\/wp-content\/uploads\/2025\/02\/IMG_1903-1149x1536.jpg 1149w, https:\/\/www.gemzse.hu\/wp-content\/uploads\/2025\/02\/IMG_1903-750x1002.jpg 750w, https:\/\/www.gemzse.hu\/wp-content\/uploads\/2025\/02\/IMG_1903.jpg 1302w\" sizes=\"auto, (max-width: 766px) 100vw, 766px\" \/><\/a><\/figure>\n\n\n\n<figure class=\"wp-block-image size-large\"><a href=\"https:\/\/www.gemzse.hu\/wp-content\/uploads\/2025\/02\/IMG_1905.jpg\"><img loading=\"lazy\" decoding=\"async\" width=\"766\" height=\"1024\" data-id=\"2409\" src=\"https:\/\/www.gemzse.hu\/wp-content\/uploads\/2025\/02\/IMG_1905-766x1024.jpg\" alt=\"\" class=\"wp-image-2409\" srcset=\"https:\/\/www.gemzse.hu\/wp-content\/uploads\/2025\/02\/IMG_1905-766x1024.jpg 766w, https:\/\/www.gemzse.hu\/wp-content\/uploads\/2025\/02\/IMG_1905-224x300.jpg 224w, https:\/\/www.gemzse.hu\/wp-content\/uploads\/2025\/02\/IMG_1905-768x1026.jpg 768w, https:\/\/www.gemzse.hu\/wp-content\/uploads\/2025\/02\/IMG_1905-1149x1536.jpg 1149w, https:\/\/www.gemzse.hu\/wp-content\/uploads\/2025\/02\/IMG_1905-750x1002.jpg 750w, https:\/\/www.gemzse.hu\/wp-content\/uploads\/2025\/02\/IMG_1905.jpg 1302w\" sizes=\"auto, (max-width: 766px) 100vw, 766px\" \/><\/a><\/figure>\n\n\n\n<figure class=\"wp-block-image size-large\"><a href=\"https:\/\/www.gemzse.hu\/wp-content\/uploads\/2025\/02\/IMG_1914.jpg\"><img loading=\"lazy\" decoding=\"async\" width=\"766\" height=\"1024\" data-id=\"2410\" src=\"https:\/\/www.gemzse.hu\/wp-content\/uploads\/2025\/02\/IMG_1914-766x1024.jpg\" alt=\"\" class=\"wp-image-2410\" srcset=\"https:\/\/www.gemzse.hu\/wp-content\/uploads\/2025\/02\/IMG_1914-766x1024.jpg 766w, https:\/\/www.gemzse.hu\/wp-content\/uploads\/2025\/02\/IMG_1914-224x300.jpg 224w, https:\/\/www.gemzse.hu\/wp-content\/uploads\/2025\/02\/IMG_1914-768x1026.jpg 768w, https:\/\/www.gemzse.hu\/wp-content\/uploads\/2025\/02\/IMG_1914-1149x1536.jpg 1149w, https:\/\/www.gemzse.hu\/wp-content\/uploads\/2025\/02\/IMG_1914-750x1002.jpg 750w, https:\/\/www.gemzse.hu\/wp-content\/uploads\/2025\/02\/IMG_1914.jpg 1302w\" sizes=\"auto, (max-width: 766px) 100vw, 766px\" \/><\/a><\/figure>\n\n\n\n<figure class=\"wp-block-image size-large\"><a href=\"https:\/\/www.gemzse.hu\/wp-content\/uploads\/2025\/02\/Kep-eloadasrol-1-1.jpg\"><img loading=\"lazy\" decoding=\"async\" width=\"1000\" height=\"750\" data-id=\"2408\" src=\"https:\/\/www.gemzse.hu\/wp-content\/uploads\/2025\/02\/Kep-eloadasrol-1-1.jpg\" alt=\"\" class=\"wp-image-2408\" srcset=\"https:\/\/www.gemzse.hu\/wp-content\/uploads\/2025\/02\/Kep-eloadasrol-1-1.jpg 1000w, https:\/\/www.gemzse.hu\/wp-content\/uploads\/2025\/02\/Kep-eloadasrol-1-1-300x225.jpg 300w, https:\/\/www.gemzse.hu\/wp-content\/uploads\/2025\/02\/Kep-eloadasrol-1-1-768x576.jpg 768w, https:\/\/www.gemzse.hu\/wp-content\/uploads\/2025\/02\/Kep-eloadasrol-1-1-750x563.jpg 750w\" sizes=\"auto, (max-width: 1000px) 100vw, 1000px\" \/><\/a><\/figure>\n<\/figure>\n","protected":false},"excerpt":{"rendered":"","protected":false},"author":1,"featured_media":0,"parent":0,"menu_order":0,"comment_status":"closed","ping_status":"closed","template":"","meta":{"footnotes":""},"class_list":["post-2407","page","type-page","status-publish","hentry","nodate","item-wrap"],"_links":{"self":[{"href":"https:\/\/www.gemzse.hu\/index.php?rest_route=\/wp\/v2\/pages\/2407","targetHints":{"allow":["GET"]}}],"collection":[{"href":"https:\/\/www.gemzse.hu\/index.php?rest_route=\/wp\/v2\/pages"}],"about":[{"href":"https:\/\/www.gemzse.hu\/index.php?rest_route=\/wp\/v2\/types\/page"}],"author":[{"embeddable":true,"href":"https:\/\/www.gemzse.hu\/index.php?rest_route=\/wp\/v2\/users\/1"}],"replies":[{"embeddable":true,"href":"https:\/\/www.gemzse.hu\/index.php?rest_route=%2Fwp%2Fv2%2Fcomments&post=2407"}],"version-history":[{"count":2,"href":"https:\/\/www.gemzse.hu\/index.php?rest_route=\/wp\/v2\/pages\/2407\/revisions"}],"predecessor-version":[{"id":2415,"href":"https:\/\/www.gemzse.hu\/index.php?rest_route=\/wp\/v2\/pages\/2407\/revisions\/2415"}],"wp:attachment":[{"href":"https:\/\/www.gemzse.hu\/index.php?rest_route=%2Fwp%2Fv2%2Fmedia&parent=2407"}],"curies":[{"name":"wp","href":"https:\/\/api.w.org\/{rel}","templated":true}]}}