{"id":31,"date":"2015-01-19T21:37:27","date_gmt":"2015-01-19T20:37:27","guid":{"rendered":"http:\/\/www.gemzse.hu\/?page_id=31"},"modified":"2018-03-24T17:11:16","modified_gmt":"2018-03-24T16:11:16","slug":"2014-evi-jegyzokonyvek","status":"publish","type":"page","link":"https:\/\/www.gemzse.hu\/?page_id=31","title":{"rendered":"2014. \u00e9vi jegyz\u0151k\u00f6nyvek"},"content":{"rendered":"<h4><strong>2014. \u00e9vi\u00a0K\u00e9pvisel\u0151-test\u00fcleti \u00fcl\u00e9sek jegyz\u0151k\u00f6nyvei<\/strong><\/h4>\n<p><a href=\"https:\/\/www.gemzse.hu\/wp-content\/uploads\/2015\/01\/Jegyz\u0151k\u00f6nyv-20141212-k\u00f6zmeghallgat\u00e1s.pdf\">Jegyz\u0151k\u00f6nyv 20141212 k\u00f6zmeghallgat\u00e1<\/a>s<\/p>\n<p><a href=\"https:\/\/www.gemzse.hu\/wp-content\/uploads\/2015\/01\/Jegyz\u0151k\u00f6nyv-20141126.pdf\">Jegyz\u0151k\u00f6nyv 20141126<\/a><\/p>\n<p><a href=\"https:\/\/www.gemzse.hu\/wp-content\/uploads\/2015\/01\/Jegyz\u0151k\u00f6nyv-20141110.pdf\">Jegyz\u0151k\u00f6nyv 20141110<\/a><\/p>\n<p><a href=\"https:\/\/www.gemzse.hu\/wp-content\/uploads\/2015\/01\/Jegyz\u0151k\u00f6nyv-20141027-alakul\u00f3.pdf\">Jegyz\u0151k\u00f6nyv 20141027 alakul\u00f3<\/a><\/p>\n<p><a href=\"https:\/\/www.gemzse.hu\/wp-content\/uploads\/2015\/01\/Jegyz\u0151k\u00f6nyv-20141009-rendkiv\u00fcli.pdf\">Jegyz\u0151k\u00f6nyv 20141009 rendk\u00edv\u00fcli<\/a><\/p>\n<p><a href=\"https:\/\/www.gemzse.hu\/wp-content\/uploads\/2015\/01\/Jegyz\u0151k\u00f6nyv-20141006.pdf\">Jegyz\u0151k\u00f6nyv 20141006<\/a><\/p>\n<p><a href=\"https:\/\/www.gemzse.hu\/wp-content\/uploads\/2015\/01\/Jegyz\u0151k\u00f6nyv-20141003-rendk\u00edv\u00fcli.pdf\">Jegyz\u0151k\u00f6nyv 20141003 rendk\u00edv\u00fcli<\/a><\/p>\n<p><a href=\"https:\/\/www.gemzse.hu\/wp-content\/uploads\/2015\/01\/Jegyz\u0151k\u00f6nyv-20140918.pdf\">Jegyz\u0151k\u00f6nyv 20140918<\/a><\/p>\n<p><a href=\"https:\/\/www.gemzse.hu\/wp-content\/uploads\/2015\/01\/Jegyz\u0151k\u00f6nyv-20140826.pdf\">Jegyz\u0151k\u00f6nyv 20140826<\/a><\/p>\n<p><a href=\"https:\/\/www.gemzse.hu\/wp-content\/uploads\/2015\/01\/Jegyz\u0151k\u00f6nyv-20140708.pdf\">Jegyz\u0151k\u00f6nyv 20140708<\/a><\/p>\n<p><a href=\"https:\/\/www.gemzse.hu\/wp-content\/uploads\/2015\/01\/Jegyz\u0151k\u00f6nyv-20140603.pdf\">Jegyz\u0151k\u00f6nyv 20140603<\/a><\/p>\n<p><a href=\"https:\/\/www.gemzse.hu\/wp-content\/uploads\/2015\/01\/Jegyz\u0151k\u00f6nyv-20140430.pdf\">Jegyz\u0151k\u00f6nyv 20140430<\/a><\/p>\n<p><a href=\"https:\/\/www.gemzse.hu\/wp-content\/uploads\/2015\/01\/Jegyz\u0151k\u00f6nyv-20140417.pdf\">Jegyz\u0151k\u00f6nyv 20140417<\/a><\/p>\n<p><a href=\"https:\/\/www.gemzse.hu\/wp-content\/uploads\/2015\/01\/Jegyz\u0151k\u00f6nyv-20140409-rendk\u00edv\u00fcli.pdf\">Jegyz\u0151k\u00f6nyv 20140409 rendk\u00edv\u00fcli<\/a><\/p>\n<p><a href=\"https:\/\/www.gemzse.hu\/wp-content\/uploads\/2015\/01\/Jegyz\u0151k\u00f6nyv-20140313.pdf\">Jegyz\u0151k\u00f6nyv 20140313<\/a><\/p>\n<p><a href=\"https:\/\/www.gemzse.hu\/wp-content\/uploads\/2015\/01\/Jegyz\u0151k\u00f6nyv-20140225.pdf\">Jegyz\u0151k\u00f6nyv 20140225<\/a><\/p>\n<p><a href=\"https:\/\/www.gemzse.hu\/wp-content\/uploads\/2015\/01\/Jegyz\u0151k\u00f6nyv-20140205.pdf\">Jegyz\u0151k\u00f6nyv 20140205<\/a><\/p>\n<p>&nbsp;<\/p>\n","protected":false},"excerpt":{"rendered":"<p>2014. \u00e9vi\u00a0K\u00e9pvisel\u0151-test\u00fcleti \u00fcl\u00e9sek jegyz\u0151k\u00f6nyvei Jegyz\u0151k\u00f6nyv 20141212 k\u00f6zmeghallgat\u00e1s Jegyz\u0151k\u00f6nyv 20141126 Jegyz\u0151k\u00f6nyv 20141110 Jegyz\u0151k\u00f6nyv 20141027 alakul\u00f3 Jegyz\u0151k\u00f6nyv 20141009 rendk\u00edv\u00fcli Jegyz\u0151k\u00f6nyv 20141006 Jegyz\u0151k\u00f6nyv 20141003 rendk\u00edv\u00fcli Jegyz\u0151k\u00f6nyv 20140918 Jegyz\u0151k\u00f6nyv 20140826 Jegyz\u0151k\u00f6nyv 20140708 Jegyz\u0151k\u00f6nyv 20140603 Jegyz\u0151k\u00f6nyv 20140430 Jegyz\u0151k\u00f6nyv 20140417 Jegyz\u0151k\u00f6nyv 20140409 rendk\u00edv\u00fcli Jegyz\u0151k\u00f6nyv 20140313 Jegyz\u0151k\u00f6nyv 20140225 Jegyz\u0151k\u00f6nyv 20140205 &nbsp;<\/p>\n","protected":false},"author":1,"featured_media":0,"parent":19,"menu_order":100,"comment_status":"closed","ping_status":"closed","template":"","meta":{"footnotes":""},"class_list":["post-31","page","type-page","status-publish","hentry","nodate","item-wrap"],"_links":{"self":[{"href":"https:\/\/www.gemzse.hu\/index.php?rest_route=\/wp\/v2\/pages\/31","targetHints":{"allow":["GET"]}}],"collection":[{"href":"https:\/\/www.gemzse.hu\/index.php?rest_route=\/wp\/v2\/pages"}],"about":[{"href":"https:\/\/www.gemzse.hu\/index.php?rest_route=\/wp\/v2\/types\/page"}],"author":[{"embeddable":true,"href":"https:\/\/www.gemzse.hu\/index.php?rest_route=\/wp\/v2\/users\/1"}],"replies":[{"embeddable":true,"href":"https:\/\/www.gemzse.hu\/index.php?rest_route=%2Fwp%2Fv2%2Fcomments&post=31"}],"version-history":[{"count":9,"href":"https:\/\/www.gemzse.hu\/index.php?rest_route=\/wp\/v2\/pages\/31\/revisions"}],"predecessor-version":[{"id":839,"href":"https:\/\/www.gemzse.hu\/index.php?rest_route=\/wp\/v2\/pages\/31\/revisions\/839"}],"up":[{"embeddable":true,"href":"https:\/\/www.gemzse.hu\/index.php?rest_route=\/wp\/v2\/pages\/19"}],"wp:attachment":[{"href":"https:\/\/www.gemzse.hu\/index.php?rest_route=%2Fwp%2Fv2%2Fmedia&parent=31"}],"curies":[{"name":"wp","href":"https:\/\/api.w.org\/{rel}","templated":true}]}}